is the billions digit of 1403048626?
1
What is the hundred thousands digit of 9994270?
9
What is the tens digit of 39395871?
7
What is the hundreds digit of 57761972?
9
What is the units digit of 45905269?
9
What is the hundred thousands digit of 7943390?
9
What is the thousands digit of 127319131?
9
What is the ten thousands digit of 3440570988?
7
What is the ten thousands digit of 1100928118?
2
What is the units digit of 280837189?
9
What is the ten thousands digit of 8010337482?
3
What is the thousands digit of 1632340?
2
What is the hundred thousands digit of 79375077?
3
What is the hundred millions digit of 392097523?
3
What is the hundreds digit of 457362098?
0
What is the hundred millions digit of 3038574787?
0
What is the thousands digit of 1516529655?
9
What is the millions digit of 327890602?
7
What is the tens digit of 2384579316?
1
What is the tens digit of 343792652?
5
What is the hundreds digit of 362612981?
9
What is the millions digit of 56812885?
6
What is the units digit of 4899649647?
7
What is the ten thousands digit of 72023828?
2
What is the thousands digit of 4229385041?
5
What is the units digit of 1450700056?
6
What is the tens digit of 116466729?
2
What is the hundreds digit of 2266017179?
1
What is the tens digit of 75961804?
0
What is the hundred millions digit of 1362649295?
3
What is the hundreds digit of 652914582?
5
What is the millions digit of 501284276?
1
What is the tens digit of 100516031?
3
What is the hundred thousands digit of 3976136?
9
What is the hundred thousands digit of 1177967481?
9
What is the ten thousands digit of 1061198394?
9
What is the ten millions digit of 32460428?
3
What is the ten thousands digit of 452515919?
1
What is the hundred millions digit of 1935683495?
9
What is the millions digit of 378655389?
8
What is the hundred millions digit of 219723186?
2
What is the ten millions digit of 231739997?
3
What is the thousands digit of 182669432?
9
What is the units digit of 179267583?
3
What is the units digit of 2371374562?
2
What is the hundreds digit of 15322756?
7
What is the hundred millions digit of 558826737?
5
What is the ten millions digit of 617794991?
1
What is the ten thousands digit of 1856909186?
0
What is the ten millions digit of 52462606?
5
What is the tens digit of 2259108?
0
What is the hundred millions digit of 7831364817?
8
What is the hundred thousands digit of 86393882?
3
What is the millions digit of 96629135?
6
What is the hundreds digit of 473573265?
2
What is the thousands digit of 490377264?
7
What is the hundreds digit of 104120334?
3
What is the hundred millions digit of 288154437?
2
What is the ten thousands digit of 5902750947?
5
What is the ten millions digit of 228212485?
2
What is the hundred thousands digit of 20403781?
4
What is the units digit of 1342425704?
4
What is the millions digit of 25493082?
5
What is the ten millions digit of 291355529?
9
What is the ten thousands digit of 979372009?
7
What is the hundreds digit of 2398205389?
3
What is the tens digit of 15973125?
2
What is the units digit of 1659257671?
1
What is the ten millions digit of 210472720?
1
What is the hundred millions digit of 6156936812?
1
What is the hundred thousands digit of 2379112121?
1
What is the tens digit of 22490811?
1
What is the units digit of 91822417?
7
What is the tens digit of 934840616?
1
What is the millions digit of 104771362?
4
What is the hundred thousands digit of 20581330?
5
What is the ten thousands digit of 2270030413?
3
What is the hundred thousands digit of 675862037?
8
What is the ten millions digit of 2019009957?
1
What is the ten thousands digit of 72827474?
2
What is the hundred millions digit of 782896531?
7
What is the hundred millions digit of 832593747?
8
What is the millions digit of 39857296?
9
What is the ten thousands digit of 24266244?
6
What is the millions digit of 2377318640?
7
What is the hundred thousands digit of 43003142?
0
What is the units digit of 52383940?
0
What is the hundreds digit of 1813036396?
3
What is the millions digit of 476577289?
6
What is the units digit of 32797?
7
What is the units digit of 815226002?
2
What is the hundred millions digit of 2533407268?
5
What is the tens digit of 82143067?
6
What is the hundred thousands digit of 1064765453?
7
What is the thousands digit of 99057207?
7
What is the units digit of 877366611?
1
What is the hundreds digit of 1272088?
0
What is the tens digit of 1113121693?
9
What is the units digit of 3329578035?
5
What is the ten thousands digit of 4192914077?
1
What is the hundred thousands digit of 90538518?
5
What is the millions digit of 3240037054?
0
What is the millions digit of 1192228049?
2
What is the thousands digit of 229034496?
4
What is the hundreds digit of 53260484?
4
What is the thousands digit of 1028841293?
1
What is the tens digit of 281129598?
9
What is the hundred thousands digit of 327328185?
3
What is the tens digit of 59654949?
4
What is the tens digit of 370068538?
3
What is the hundred millions digit of 2249755155?
2
What is the millions digit of 7448814?
7
What is the units digit of 412819419?
9
What is the hundred millions digit of 633351336?
6
What is the hundred thousands digit of 1102206432?
2
What is the millions digit of 50827341?
0
What is the hundred thousands digit of 2954096516?
0
What is the hundred millions digit of 526191513?
5
What is the hundred thousands digit of 1515661?
5
What is the hundred millions digit of 288888140?
2
What is the millions digit of 552753941?
2
What is the billions digit of 1017850734?
1
What is the hundred thousands digit of 30582300?
5
What is the ten millions digit of 46734792?
4
What is the hundreds digit of 39117431?
4
What is the hundred millions digit of 1626676048?
6
What is the thousands digit of 333097554?
7
What is the hundred thousands digit of 3298506506?
5
What is the hundreds digit of 61837679?
6
What is the units digit of 36058350?
0
What is the thousands digit of 78126751?
6
What is the thousands digit of 72627452?
7
What is the tens digit of 56159100?
0
What is the tens digit of 64518391?
9
What is the ten millions digit of 81953729?
8
What is the millions digit of 1126041900?
6
What is the hundred thousands digit of 157323123?
3
What is the billions digit of 1098999229?
1
What is the tens digit of 15070854?
5
What is the ten millions digit of 2160969393?
6
What is the hundred thousands digit of 2888576097?
5
What is the thousands digit of 4647043826?
3
What is the tens digit of 1494105?
0
What is the hundreds digit of 334117524?
5
What is the tens digit of 2663853809?
0
What is the ten thousands digit of 60014071?
1
What is the hundred millions digit of 1851779484?
8
What is the ten thousands digit of 295865?
9
What is the tens digit of 3488727248?
4
What is the millions digit of 1867507330?
7
What is the thousands digit of 416919?
6
What is the tens digit of 2277891100?
0
What is the tens digit of 32049713?
1
What is the tens digit of 20815761?
6
What is the hundreds digit of 2827606574?
5
What is the tens digit of 4843034239?
3
What is the units digit of 52333394?
4
What is the ten millions digit of 335151456?
3
What is the hundreds digit of 1035520421?
4
What is the hundreds digit of 218713228?
2
What is the hundred millions digit of 8294909073?
2
What is the ten millions digit of 37896321?
3
What is the hundred thousands digit of 64579328?
5
What is the hundred thousands digit of 13421538?
4
What is the hundred millions digit of 1151993370?
1
What is the ten thousands digit of 194176177?
7
What is the billions digit of 1039304054?
1
What is the hundred millions digit of 205892488?
2
What is the tens digit of 211369709?
0
What is the ten thousands digit of 619282861?
8
What is the billions digit of 1642370193?
1
What is the thousands digit of 1615532674?
2
What is the ten thousands digit of 2707038216?
3
What is the units digit of 4280332?
2
What is the millions digit of 75060646?
5
What is the millions digit of 71992871?
1
What is the tens digit of 10840585?
8
What is the tens digit of 42647588?
8
What is the hundred millions digit of 719100708?
7
What is the hundred thousands digit of 51109577?
1
What is the hundred millions digit of 697012107?
6
What is the ten millions digit of 323497219?
2